{"id":13,"date":"2022-08-19T10:59:44","date_gmt":"2022-08-19T13:59:44","guid":{"rendered":"https:\/\/wordpress.solutions.inf.br\/?page_id=13"},"modified":"2023-06-14T08:33:56","modified_gmt":"2023-06-14T11:33:56","slug":"orientacoes","status":"publish","type":"page","link":"https:\/\/wordpress.solutions.inf.br\/?page_id=13","title":{"rendered":"ORIENTA\u00c7\u00d5ES"},"content":{"rendered":"\t\t<div data-elementor-type=\"wp-page\" data-elementor-id=\"13\" class=\"elementor elementor-13\">\n\t\t\t\t\t\t<section class=\"elementor-section elementor-top-section elementor-element elementor-element-bc213a2 elementor-section-boxed elementor-section-height-default elementor-section-height-default\" data-id=\"bc213a2\" data-element_type=\"section\">\n\t\t\t\t\t\t<div class=\"elementor-container elementor-column-gap-default\">\n\t\t\t\t\t<div class=\"elementor-column elementor-col-100 elementor-top-column elementor-element elementor-element-63c6ba5\" data-id=\"63c6ba5\" data-element_type=\"column\">\n\t\t\t<div class=\"elementor-widget-wrap elementor-element-populated\">\n\t\t\t\t\t\t<div class=\"elementor-element elementor-element-7118878 elementor-widget elementor-widget-heading\" data-id=\"7118878\" data-element_type=\"widget\" data-widget_type=\"heading.default\">\n\t\t\t\t<div class=\"elementor-widget-container\">\n\t\t\t\t\t<h2 class=\"elementor-heading-title elementor-size-default\">INFORMA\u00c7\u00d5ES IMPORTANTES<\/h2>\t\t\t\t<\/div>\n\t\t\t\t<\/div>\n\t\t\t\t<section class=\"elementor-section elementor-inner-section elementor-element elementor-element-0d55833 elementor-section-boxed elementor-section-height-default elementor-section-height-default\" data-id=\"0d55833\" data-element_type=\"section\">\n\t\t\t\t\t\t<div class=\"elementor-container elementor-column-gap-default\">\n\t\t\t\t\t<div class=\"elementor-column elementor-col-50 elementor-inner-column elementor-element elementor-element-460d46c\" data-id=\"460d46c\" data-element_type=\"column\">\n\t\t\t<div class=\"elementor-widget-wrap elementor-element-populated\">\n\t\t\t\t\t\t<div class=\"elementor-element elementor-element-6900cef elementor-widget elementor-widget-image\" data-id=\"6900cef\" data-element_type=\"widget\" data-widget_type=\"image.default\">\n\t\t\t\t<div class=\"elementor-widget-container\">\n\t\t\t\t\t\t\t\t\t\t\t\t\t\t\t<img fetchpriority=\"high\" decoding=\"async\" width=\"524\" height=\"647\" src=\"https:\/\/wordpress.solutions.inf.br\/wp-content\/uploads\/2022\/10\/baba.png\" class=\"attachment-large size-large wp-image-548\" alt=\"\" \/>\t\t\t\t\t\t\t\t\t\t\t\t\t\t\t<\/div>\n\t\t\t\t<\/div>\n\t\t\t\t\t<\/div>\n\t\t<\/div>\n\t\t\t\t<div class=\"elementor-column elementor-col-50 elementor-inner-column elementor-element elementor-element-40de55d\" data-id=\"40de55d\" data-element_type=\"column\">\n\t\t\t<div class=\"elementor-widget-wrap elementor-element-populated\">\n\t\t\t\t\t\t<div class=\"elementor-element elementor-element-107b969 elementor-widget elementor-widget-text-editor\" data-id=\"107b969\" data-element_type=\"widget\" data-widget_type=\"text-editor.default\">\n\t\t\t\t<div class=\"elementor-widget-container\">\n\t\t\t\t\t\t\t\t\t<p>Todos s\u00e3o muito bem vindos a essa corrente de amor e fraternidade. Queremos muito que voc\u00ea venha, conhe\u00e7a e fa\u00e7a parte dessa linda e iluminada fam\u00edlia, se assim for do seu desejo e vontade de servir. A pr\u00e1tica de nossa religi\u00e3o \u00e9 uma viagem fascinante ao nosso passado, que com o tempo e a cada dia nos enche os olhos e o cora\u00e7\u00e3o tamanho amor e dedica\u00e7\u00e3o envolvidos.<br \/>N\u00e3o \u00e9 f\u00e1cil! Ent\u00e3o, a primeira coisa que eu lhe digo \u00e9: Achou bonito? N\u00e3o entre! Sim, \u00e9 isso mesmo que voc\u00ea leu! Pode parecer grosseiro, prepotente ou arrogante, mas esse entendimento \u00e9 importante para se tenha discernimento do que realmente \u00e9 praticar nossa religi\u00e3o. Entretanto, se busca melhorar como pessoa, enriquecer sua caminhada espiritual, de auxiliar ao pr\u00f3ximo e de praticar a caridade, venha!<\/p>\t\t\t\t\t\t\t\t<\/div>\n\t\t\t\t<\/div>\n\t\t\t\t\t<\/div>\n\t\t<\/div>\n\t\t\t\t\t<\/div>\n\t\t<\/section>\n\t\t\t\t\t<\/div>\n\t\t<\/div>\n\t\t\t\t\t<\/div>\n\t\t<\/section>\n\t\t\t\t<section class=\"elementor-section elementor-top-section elementor-element elementor-element-01804b9 elementor-section-boxed elementor-section-height-default elementor-section-height-default\" data-id=\"01804b9\" data-element_type=\"section\">\n\t\t\t\t\t\t<div class=\"elementor-container elementor-column-gap-default\">\n\t\t\t\t\t<div class=\"elementor-column elementor-col-33 elementor-top-column elementor-element elementor-element-9716c2a\" data-id=\"9716c2a\" data-element_type=\"column\">\n\t\t\t<div class=\"elementor-widget-wrap elementor-element-populated\">\n\t\t\t\t\t\t<div class=\"elementor-element elementor-element-fd47fc6 elementor-widget elementor-widget-heading\" data-id=\"fd47fc6\" data-element_type=\"widget\" data-widget_type=\"heading.default\">\n\t\t\t\t<div class=\"elementor-widget-container\">\n\t\t\t\t\t<h2 class=\"elementor-heading-title elementor-size-default\">VISITANTES<\/h2>\t\t\t\t<\/div>\n\t\t\t\t<\/div>\n\t\t\t\t<div class=\"elementor-element elementor-element-b414ffd elementor-widget elementor-widget-image\" data-id=\"b414ffd\" data-element_type=\"widget\" data-widget_type=\"image.default\">\n\t\t\t\t<div class=\"elementor-widget-container\">\n\t\t\t\t\t\t\t\t\t\t\t\t\t\t\t<img decoding=\"async\" width=\"549\" height=\"382\" src=\"https:\/\/wordpress.solutions.inf.br\/wp-content\/uploads\/2022\/10\/recebendo_passe.png\" class=\"attachment-large size-large wp-image-532\" alt=\"\" \/>\t\t\t\t\t\t\t\t\t\t\t\t\t\t\t<\/div>\n\t\t\t\t<\/div>\n\t\t\t\t<div class=\"elementor-element elementor-element-d641927 elementor-widget elementor-widget-text-editor\" data-id=\"d641927\" data-element_type=\"widget\" data-widget_type=\"text-editor.default\">\n\t\t\t\t<div class=\"elementor-widget-container\">\n\t\t\t\t\t\t\t\t\t<p>Informa\u00e7\u00f5es importantes sobre o atendimento em nossa casa.<\/p>\t\t\t\t\t\t\t\t<\/div>\n\t\t\t\t<\/div>\n\t\t\t\t<div class=\"elementor-element elementor-element-c024f25 elementor-align-center elementor-widget elementor-widget-button\" data-id=\"c024f25\" data-element_type=\"widget\" data-widget_type=\"button.default\">\n\t\t\t\t<div class=\"elementor-widget-container\">\n\t\t\t\t\t\t\t\t\t<div class=\"elementor-button-wrapper\">\n\t\t\t\t\t<a class=\"elementor-button elementor-button-link elementor-size-sm\" href=\"#visitantes\">\n\t\t\t\t\t\t<span class=\"elementor-button-content-wrapper\">\n\t\t\t\t\t\t\t\t\t<span class=\"elementor-button-text\">SAIBA MAIS<\/span>\n\t\t\t\t\t<\/span>\n\t\t\t\t\t<\/a>\n\t\t\t\t<\/div>\n\t\t\t\t\t\t\t\t<\/div>\n\t\t\t\t<\/div>\n\t\t\t\t\t<\/div>\n\t\t<\/div>\n\t\t\t\t<div class=\"elementor-column elementor-col-33 elementor-top-column elementor-element elementor-element-5d0e46d\" data-id=\"5d0e46d\" data-element_type=\"column\">\n\t\t\t<div class=\"elementor-widget-wrap elementor-element-populated\">\n\t\t\t\t\t\t<div class=\"elementor-element elementor-element-a7d6583 elementor-widget elementor-widget-heading\" data-id=\"a7d6583\" data-element_type=\"widget\" data-widget_type=\"heading.default\">\n\t\t\t\t<div class=\"elementor-widget-container\">\n\t\t\t\t\t<h2 class=\"elementor-heading-title elementor-size-default\">COMO INGRESSAR<\/h2>\t\t\t\t<\/div>\n\t\t\t\t<\/div>\n\t\t\t\t<div class=\"elementor-element elementor-element-725e390 elementor-widget elementor-widget-image\" data-id=\"725e390\" data-element_type=\"widget\" data-widget_type=\"image.default\">\n\t\t\t\t<div class=\"elementor-widget-container\">\n\t\t\t\t\t\t\t\t\t\t\t\t\t\t\t<img decoding=\"async\" width=\"547\" height=\"382\" src=\"https:\/\/wordpress.solutions.inf.br\/wp-content\/uploads\/2022\/10\/acolhida.png\" class=\"attachment-large size-large wp-image-533\" alt=\"\" \/>\t\t\t\t\t\t\t\t\t\t\t\t\t\t\t<\/div>\n\t\t\t\t<\/div>\n\t\t\t\t<div class=\"elementor-element elementor-element-ad5123d elementor-widget elementor-widget-text-editor\" data-id=\"ad5123d\" data-element_type=\"widget\" data-widget_type=\"text-editor.default\">\n\t\t\t\t<div class=\"elementor-widget-container\">\n\t\t\t\t\t\t\t\t\t<p>A Casa Chico Pr\u00eato est\u00e1 de bra\u00e7os abertos. Voc\u00ea ser\u00e1 muito bem vindo!<\/p>\t\t\t\t\t\t\t\t<\/div>\n\t\t\t\t<\/div>\n\t\t\t\t<div class=\"elementor-element elementor-element-f70b5e1 elementor-align-center elementor-widget elementor-widget-button\" data-id=\"f70b5e1\" data-element_type=\"widget\" data-widget_type=\"button.default\">\n\t\t\t\t<div class=\"elementor-widget-container\">\n\t\t\t\t\t\t\t\t\t<div class=\"elementor-button-wrapper\">\n\t\t\t\t\t<a class=\"elementor-button elementor-button-link elementor-size-sm\" href=\"#ingressar\">\n\t\t\t\t\t\t<span class=\"elementor-button-content-wrapper\">\n\t\t\t\t\t\t\t\t\t<span class=\"elementor-button-text\">SAIBA MAIS<\/span>\n\t\t\t\t\t<\/span>\n\t\t\t\t\t<\/a>\n\t\t\t\t<\/div>\n\t\t\t\t\t\t\t\t<\/div>\n\t\t\t\t<\/div>\n\t\t\t\t\t<\/div>\n\t\t<\/div>\n\t\t\t\t<div class=\"elementor-column elementor-col-33 elementor-top-column elementor-element elementor-element-dd2a315\" data-id=\"dd2a315\" data-element_type=\"column\">\n\t\t\t<div class=\"elementor-widget-wrap elementor-element-populated\">\n\t\t\t\t\t\t<div class=\"elementor-element elementor-element-0586085 elementor-widget elementor-widget-heading\" data-id=\"0586085\" data-element_type=\"widget\" data-widget_type=\"heading.default\">\n\t\t\t\t<div class=\"elementor-widget-container\">\n\t\t\t\t\t<h2 class=\"elementor-heading-title elementor-size-default\">ASSUMIR UMA FUN\u00c7\u00c3O<\/h2>\t\t\t\t<\/div>\n\t\t\t\t<\/div>\n\t\t\t\t<div class=\"elementor-element elementor-element-82977c8 elementor-widget elementor-widget-image\" data-id=\"82977c8\" data-element_type=\"widget\" data-widget_type=\"image.default\">\n\t\t\t\t<div class=\"elementor-widget-container\">\n\t\t\t\t\t\t\t\t\t\t\t\t\t\t\t<img loading=\"lazy\" decoding=\"async\" width=\"547\" height=\"382\" src=\"https:\/\/wordpress.solutions.inf.br\/wp-content\/uploads\/2022\/10\/membro.png\" class=\"attachment-large size-large wp-image-539\" alt=\"\" \/>\t\t\t\t\t\t\t\t\t\t\t\t\t\t\t<\/div>\n\t\t\t\t<\/div>\n\t\t\t\t<div class=\"elementor-element elementor-element-579f74a elementor-widget elementor-widget-text-editor\" data-id=\"579f74a\" data-element_type=\"widget\" data-widget_type=\"text-editor.default\">\n\t\t\t\t<div class=\"elementor-widget-container\">\n\t\t\t\t\t\t\t\t\t<p>Todos tem um papel que deve ser exercido com amor e dedica\u00e7\u00e3o.<\/p>\t\t\t\t\t\t\t\t<\/div>\n\t\t\t\t<\/div>\n\t\t\t\t<div class=\"elementor-element elementor-element-f40d4c5 elementor-align-center elementor-widget elementor-widget-button\" data-id=\"f40d4c5\" data-element_type=\"widget\" data-widget_type=\"button.default\">\n\t\t\t\t<div class=\"elementor-widget-container\">\n\t\t\t\t\t\t\t\t\t<div class=\"elementor-button-wrapper\">\n\t\t\t\t\t<a class=\"elementor-button elementor-button-link elementor-size-sm\" href=\"#funcao\">\n\t\t\t\t\t\t<span class=\"elementor-button-content-wrapper\">\n\t\t\t\t\t\t\t\t\t<span class=\"elementor-button-text\">SAIBA MAIS<\/span>\n\t\t\t\t\t<\/span>\n\t\t\t\t\t<\/a>\n\t\t\t\t<\/div>\n\t\t\t\t\t\t\t\t<\/div>\n\t\t\t\t<\/div>\n\t\t\t\t\t<\/div>\n\t\t<\/div>\n\t\t\t\t\t<\/div>\n\t\t<\/section>\n\t\t\t\t<section class=\"elementor-section elementor-top-section elementor-element elementor-element-34ad962 elementor-section-content-middle elementor-section-boxed elementor-section-height-default elementor-section-height-default\" data-id=\"34ad962\" data-element_type=\"section\" id=\"visitantes\">\n\t\t\t\t\t\t<div class=\"elementor-container elementor-column-gap-no\">\n\t\t\t\t\t<div class=\"elementor-column elementor-col-100 elementor-top-column elementor-element elementor-element-a8c3f9e\" data-id=\"a8c3f9e\" data-element_type=\"column\">\n\t\t\t<div class=\"elementor-widget-wrap elementor-element-populated\">\n\t\t\t\t\t\t<div class=\"elementor-element elementor-element-b056b01 elementor-widget elementor-widget-heading\" data-id=\"b056b01\" data-element_type=\"widget\" data-widget_type=\"heading.default\">\n\t\t\t\t<div class=\"elementor-widget-container\">\n\t\t\t\t\t<h2 class=\"elementor-heading-title elementor-size-default\">VISITANTES<\/h2>\t\t\t\t<\/div>\n\t\t\t\t<\/div>\n\t\t\t\t<div class=\"elementor-element elementor-element-038beeb elementor-widget elementor-widget-image\" data-id=\"038beeb\" data-element_type=\"widget\" data-widget_type=\"image.default\">\n\t\t\t\t<div class=\"elementor-widget-container\">\n\t\t\t\t\t\t\t\t\t\t\t\t\t\t\t<img decoding=\"async\" width=\"549\" height=\"382\" src=\"https:\/\/wordpress.solutions.inf.br\/wp-content\/uploads\/2022\/10\/recebendo_passe.png\" class=\"attachment-large size-large wp-image-532\" alt=\"\" \/>\t\t\t\t\t\t\t\t\t\t\t\t\t\t\t<\/div>\n\t\t\t\t<\/div>\n\t\t\t\t<div class=\"elementor-element elementor-element-23a3e2c elementor-widget elementor-widget-text-editor\" data-id=\"23a3e2c\" data-element_type=\"widget\" data-widget_type=\"text-editor.default\">\n\t\t\t\t<div class=\"elementor-widget-container\">\n\t\t\t\t\t\t\t\t\t<p>\u00c9 fundamental que o consulente saiba que existem situa\u00e7\u00f5es que n\u00e3o devem ser expostas ou pedidas \u00e0s entidades.Uma gira de atendimento e um complexo formado por v\u00e1rias situa\u00e7\u00f5es, desde as entidades que se manifestam at\u00e9 os m\u00e9diuns que s\u00e3o os int\u00e9rpretes dos esp\u00edritos. Achar o equil\u00edbrio deste complexo mundo \u00e9 um desafio. Temos nossas normas que norteiam as formas e maneiras de atender as pessoas que nos procuram.<\/p><p>Para um entendimento correto, algumas situa\u00e7\u00f5es devem ser colocadas, dentre as quais a import\u00e2ncia que tem o p\u00fablico visitante como sustent\u00e1culo da casa. Pouca gente sabe, mas terreiro sem p\u00fablico n\u00e3o tem porque existir, j\u00e1 que o objetivo das entidades \u00e9 fazer a evolu\u00e7\u00e3o dela e de seu m\u00e9dium atrav\u00e9s da caridade, portanto, sem as consultas eles ficariam sem a\u00e7\u00e3o.<\/p><p>Cada casa tem suas particularidades e, consequentemente, suas pr\u00f3prias regras. A Casa de Chico Pr\u00eato n\u00e3o foge a norma geral que norteia todas casas com as mesmas caracter\u00edsticas, mas \u00e9 importante citar como \u00e9 feito o atendimento no Terreiro.<\/p><p>Quando o visitante entrar no Terreiro, do lado esquerdo existe uma casinha fechada chamada onde ficam as seguran\u00e7as da Casa. Ao passar em frente o visitante deve saudar com todo o respeito este local.<\/p><p>Na chegada cada um recebe uma senha com cor diferente conforme sua condi\u00e7\u00e3o (de ser ou n\u00e3o a primeira vez que vem na casa) que ser\u00e1 oportunamente chamada para a consulta com a entidade. Diante da entidade o seu comportamento dever\u00e1 ser de espera, aguardando a iniciativa da entidade ou do cambone (membro da casa n\u00e3o incorporado que est\u00e1 sempre ao lado da entidade para dar suporte no atendimento). Na consulta propriamente dita, o consulente n\u00e3o deve ter intimidade com a entidade, ser respeitoso e expor os problemas na medida que for convidado para fazer isso. Jamais deve o consulente perguntar o que a entidade tem a dizer. Qualquer d\u00favida deve ser dirimida pelo cambone que al\u00e9m de auxiliar da entidade, age interprete do consulente exercendo tamb\u00e9m a fun\u00e7\u00e3o de fiscal do Casa.<\/p><p><strong>OS LIMITES<br \/><\/strong><\/p><p>Todos devem saber que uma entidade incorporada tem um limite de a\u00e7\u00e3o que vai at\u00e9 a capacidade e a qualidade do m\u00e9dium. J\u00e1 falamos em outro local que quem responde as consultas \u00e9 a 3\u00aa. energia criada com a uni\u00e3o dos esp\u00edritos do m\u00e9dium e da entidade. A entidade em sua sabedoria e informa\u00e7\u00f5es \u00e9 ilimitada, mas ao se unir com o esp\u00edrito do m\u00e9dium tem a sua limita\u00e7\u00e3o at\u00e9 a capacidade, como disse, do pr\u00f3prio m\u00e9dium. \u00c9 fundamental que o consulente saiba que existem situa\u00e7\u00f5es que n\u00e3o devem ser expostas ou pedidas \u00e0s entidades. Tudo que ferir o bom senso, a \u00e9tica, o respeito e a honestidade n\u00e3o podem ser pedidos. Coisas \u00e0s vezes triviais at\u00e9 s\u00e3o atendidas com certo carinho pelos esp\u00edritos, porque a eles o que interessa \u00e9 fazer o bem, mesmo que seja uma banalidade. Mas os limites existem e n\u00e3o devem ser questionados. N\u00e3o aconselhamos consultar na mesma gira com duas entidades. Seria a mesma coisa que tomar dois rem\u00e9dios diferentes para a mesma doen\u00e7a.<\/p><p><strong>SITUAC\u00d5ES PROIBIDAS<\/strong><\/p><p>No Terreiro alguns tipos de mensagens s\u00e3o proibidas, como insinuar trai\u00e7\u00f5es conjugais, prever acidentes com o consulente ou seus parentes, insinua\u00e7\u00f5es de trai\u00e7\u00f5es de amizades e principalmente previs\u00f5es de morte com o consulente ou com seus parentes. No nosso Terreiro se essas regras forem violadas o m\u00e9dium ser\u00e1 afastado definitivamente do Terreiro. Essas recomenda\u00e7\u00f5es todos membros conhecem.<\/p>\t\t\t\t\t\t\t\t<\/div>\n\t\t\t\t<\/div>\n\t\t\t\t\t<\/div>\n\t\t<\/div>\n\t\t\t\t\t<\/div>\n\t\t<\/section>\n\t\t\t\t<section class=\"elementor-section elementor-top-section elementor-element elementor-element-a971be6 elementor-section-content-middle elementor-section-boxed elementor-section-height-default elementor-section-height-default\" data-id=\"a971be6\" data-element_type=\"section\" id=\"ingressar\">\n\t\t\t\t\t\t<div class=\"elementor-container elementor-column-gap-no\">\n\t\t\t\t\t<div class=\"elementor-column elementor-col-100 elementor-top-column elementor-element elementor-element-f0a450a\" data-id=\"f0a450a\" data-element_type=\"column\">\n\t\t\t<div class=\"elementor-widget-wrap elementor-element-populated\">\n\t\t\t\t\t\t<div class=\"elementor-element elementor-element-f053597 elementor-widget elementor-widget-heading\" data-id=\"f053597\" data-element_type=\"widget\" data-widget_type=\"heading.default\">\n\t\t\t\t<div class=\"elementor-widget-container\">\n\t\t\t\t\t<h2 class=\"elementor-heading-title elementor-size-default\">COMO INGRESSAR<\/h2>\t\t\t\t<\/div>\n\t\t\t\t<\/div>\n\t\t\t\t<div class=\"elementor-element elementor-element-8e0e699 elementor-widget elementor-widget-image\" data-id=\"8e0e699\" data-element_type=\"widget\" data-widget_type=\"image.default\">\n\t\t\t\t<div class=\"elementor-widget-container\">\n\t\t\t\t\t\t\t\t\t\t\t\t\t\t\t<img decoding=\"async\" width=\"547\" height=\"382\" src=\"https:\/\/wordpress.solutions.inf.br\/wp-content\/uploads\/2022\/10\/acolhida.png\" class=\"attachment-large size-large wp-image-533\" alt=\"\" \/>\t\t\t\t\t\t\t\t\t\t\t\t\t\t\t<\/div>\n\t\t\t\t<\/div>\n\t\t\t\t<div class=\"elementor-element elementor-element-e2c8d27 elementor-widget elementor-widget-text-editor\" data-id=\"e2c8d27\" data-element_type=\"widget\" data-widget_type=\"text-editor.default\">\n\t\t\t\t<div class=\"elementor-widget-container\">\n\t\t\t\t\t\t\t\t\t<p>Lorem ipsum habitasse faucibus metus nec tortor faucibus lobortis quam duis, leo duis lacinia feugiat hac cursus scelerisque gravida felis, facilisis consectetur senectus euismod iaculis convallis viverra ad suscipit. lacus cursus fames accumsan cras curabitur suscipit adipiscing venenatis lacus tellus, tempus posuere ut etiam consequat cursus et curabitur vestibulum eleifend pulvinar, aenean class erat nisl sem a erat elit lobortis. tortor platea semper himenaeos iaculis aenean sodales mattis litora netus iaculis, duis donec ut suscipit himenaeos quisque malesuada ut eros, enim nec condimentum sagittis ante facilisis malesuada fusce curabitur. magna a morbi fermentum primis senectus lacus donec massa torquent class, rhoncus ligula condimentum nec vehicula facilisis amet aliquet tincidunt venenatis quis, egestas felis volutpat platea hendrerit per ut dui blandit<\/p>\t\t\t\t\t\t\t\t<\/div>\n\t\t\t\t<\/div>\n\t\t\t\t\t<\/div>\n\t\t<\/div>\n\t\t\t\t\t<\/div>\n\t\t<\/section>\n\t\t\t\t<section class=\"elementor-section elementor-top-section elementor-element elementor-element-3cc1c07 elementor-section-content-middle elementor-section-boxed elementor-section-height-default elementor-section-height-default\" data-id=\"3cc1c07\" data-element_type=\"section\" id=\"funcao\">\n\t\t\t\t\t\t<div class=\"elementor-container elementor-column-gap-no\">\n\t\t\t\t\t<div class=\"elementor-column elementor-col-100 elementor-top-column elementor-element elementor-element-14d6f80\" data-id=\"14d6f80\" data-element_type=\"column\">\n\t\t\t<div class=\"elementor-widget-wrap elementor-element-populated\">\n\t\t\t\t\t\t<div class=\"elementor-element elementor-element-9abb75a elementor-widget elementor-widget-heading\" data-id=\"9abb75a\" data-element_type=\"widget\" data-widget_type=\"heading.default\">\n\t\t\t\t<div class=\"elementor-widget-container\">\n\t\t\t\t\t<h2 class=\"elementor-heading-title elementor-size-default\">ASSUMIR UMA FUN\u00c7\u00c3O<\/h2>\t\t\t\t<\/div>\n\t\t\t\t<\/div>\n\t\t\t\t<div class=\"elementor-element elementor-element-8592d38 elementor-widget elementor-widget-image\" data-id=\"8592d38\" data-element_type=\"widget\" data-widget_type=\"image.default\">\n\t\t\t\t<div class=\"elementor-widget-container\">\n\t\t\t\t\t\t\t\t\t\t\t\t\t\t\t<img loading=\"lazy\" decoding=\"async\" width=\"547\" height=\"382\" src=\"https:\/\/wordpress.solutions.inf.br\/wp-content\/uploads\/2022\/10\/membro.png\" class=\"attachment-large size-large wp-image-539\" alt=\"\" \/>\t\t\t\t\t\t\t\t\t\t\t\t\t\t\t<\/div>\n\t\t\t\t<\/div>\n\t\t\t\t<div class=\"elementor-element elementor-element-17d1e6d elementor-widget elementor-widget-text-editor\" data-id=\"17d1e6d\" data-element_type=\"widget\" data-widget_type=\"text-editor.default\">\n\t\t\t\t<div class=\"elementor-widget-container\">\n\t\t\t\t\t\t\t\t\t<p>Lorem ipsum habitasse faucibus metus nec tortor faucibus lobortis quam duis, leo duis lacinia feugiat hac cursus scelerisque gravida felis, facilisis consectetur senectus euismod iaculis convallis viverra ad suscipit. lacus cursus fames accumsan cras curabitur suscipit adipiscing venenatis lacus tellus, tempus posuere ut etiam consequat cursus et curabitur vestibulum eleifend pulvinar, aenean class erat nisl sem a erat elit lobortis. tortor platea semper himenaeos iaculis aenean sodales mattis litora netus iaculis, duis donec ut suscipit himenaeos quisque malesuada ut eros, enim nec condimentum sagittis ante facilisis malesuada fusce curabitur. magna a morbi fermentum primis senectus lacus donec massa torquent class, rhoncus ligula condimentum nec vehicula facilisis amet aliquet tincidunt venenatis quis, egestas felis volutpat platea hendrerit per ut dui blandit<\/p>\t\t\t\t\t\t\t\t<\/div>\n\t\t\t\t<\/div>\n\t\t\t\t\t<\/div>\n\t\t<\/div>\n\t\t\t\t\t<\/div>\n\t\t<\/section>\n\t\t\t\t<\/div>\n\t\t","protected":false},"excerpt":{"rendered":"<p>INFORMA\u00c7\u00d5ES IMPORTANTES Todos s\u00e3o muito bem vindos a essa corrente de amor e fraternidade. Queremos muito que voc\u00ea venha, conhe\u00e7a e fa\u00e7a parte dessa linda e iluminada fam\u00edlia, se assim for do seu desejo e vontade de servir. A pr\u00e1tica de nossa religi\u00e3o \u00e9 uma viagem fascinante ao nosso passado, que com o tempo e [&hellip;]<\/p>\n","protected":false},"author":1,"featured_media":0,"parent":0,"menu_order":0,"comment_status":"closed","ping_status":"closed","template":"elementor_theme","meta":{"footnotes":""},"class_list":["post-13","page","type-page","status-publish","hentry"],"_links":{"self":[{"href":"https:\/\/wordpress.solutions.inf.br\/index.php?rest_route=\/wp\/v2\/pages\/13","targetHints":{"allow":["GET"]}}],"collection":[{"href":"https:\/\/wordpress.solutions.inf.br\/index.php?rest_route=\/wp\/v2\/pages"}],"about":[{"href":"https:\/\/wordpress.solutions.inf.br\/index.php?rest_route=\/wp\/v2\/types\/page"}],"author":[{"embeddable":true,"href":"https:\/\/wordpress.solutions.inf.br\/index.php?rest_route=\/wp\/v2\/users\/1"}],"replies":[{"embeddable":true,"href":"https:\/\/wordpress.solutions.inf.br\/index.php?rest_route=%2Fwp%2Fv2%2Fcomments&post=13"}],"version-history":[{"count":226,"href":"https:\/\/wordpress.solutions.inf.br\/index.php?rest_route=\/wp\/v2\/pages\/13\/revisions"}],"predecessor-version":[{"id":4323,"href":"https:\/\/wordpress.solutions.inf.br\/index.php?rest_route=\/wp\/v2\/pages\/13\/revisions\/4323"}],"wp:attachment":[{"href":"https:\/\/wordpress.solutions.inf.br\/index.php?rest_route=%2Fwp%2Fv2%2Fmedia&parent=13"}],"curies":[{"name":"wp","href":"https:\/\/api.w.org\/{rel}","templated":true}]}}